factors of 219234.
2, 3, 61, 599
What are the prime factors of 538141?
359, 1499
List the prime factors of 6361626.
2, 3, 1060271
List the prime factors of 5699922.
2, 3, 949987
What are the prime factors of 6946218?
2, 3, 385901
What are the prime factors of 325583?
29, 103, 109
List the prime factors of 1473342.
2, 3, 13, 1453
List the prime factors of 693968.
2, 11, 3943
What are the prime factors of 729747?
3, 81083
What are the prime factors of 126136?
2, 15767
What are the prime factors of 7678798?
2, 17, 449, 503
List the prime factors of 734811.
3, 7, 11, 3181
List the prime factors of 141492.
2, 3, 13, 907
What are the prime factors of 1498551?
3, 79, 6323
List the prime factors of 90247.
90247
What are the prime factors of 3341171?
3341171
List the prime factors of 159448.
2, 19, 1049
List the prime factors of 1203120.
2, 3, 5, 557
What are the prime factors of 125247?
3, 83, 503
What are the prime factors of 251104?
2, 7, 19, 59
What are the prime factors of 148413?
3, 61, 811
List the prime factors of 7870664.
2, 571, 1723
What are the prime factors of 1127233?
821, 1373
What are the prime factors of 12515374?
2, 661, 9467
What are the prime factors of 292183?
292183
What are the prime factors of 197819?
337, 587
What are the prime factors of 106718?
2, 53359
List the prime factors of 41393.
11, 53, 71
What are the prime factors of 761730?
2, 3, 5, 25391
List the prime factors of 478100.
2, 5, 7, 683
List the prime factors of 798023.
798023
What are the prime factors of 95206?
2, 181, 263
List the prime factors of 4538020.
2, 5, 226901
List the prime factors of 644275.
5, 25771
List the prime factors of 1117052.
2, 97, 2879
What are the prime factors of 117447?
3, 11, 3559
List the prime factors of 1937948.
2, 484487
What are the prime factors of 1060376?
2, 132547
What are the prime factors of 1231288?
2, 153911
List the prime factors of 1042603.
313, 3331
List the prime factors of 12097015.
5, 7, 19, 18191
What are the prime factors of 5046122?
2, 89, 28349
What are the prime factors of 13100334?
2, 3, 13, 167953
List the prime factors of 7742191.
17, 23, 19801
What are the prime factors of 246617?
7, 719
List the prime factors of 4524546.
2, 3, 13, 19, 43, 71
List the prime factors of 1467609.
3, 11, 13, 311
What are the prime factors of 520585?
5, 13, 8009
List the prime factors of 4321292.
2, 167, 6469
List the prime factors of 935340.
2, 3, 5, 7, 17, 131
What are the prime factors of 4134383?
11, 17, 22109
List the prime factors of 3278832.
2, 3, 83, 823
List the prime factors of 454958.
2, 7, 32497
What are the prime factors of 3195272?
2, 399409
What are the prime factors of 1586002?
2, 11, 72091
What are the prime factors of 403710?
2, 3, 5, 13457
What are the prime factors of 536602?
2, 11, 24391
What are the prime factors of 2840429?
53, 53593
What are the prime factors of 27512378?
2, 419, 32831
What are the prime factors of 119061?
3, 13229
List the prime factors of 16755599.
7, 341951
What are the prime factors of 3433661?
7, 11, 19, 2347
List the prime factors of 9016378.
2, 7, 607, 1061
What are the prime factors of 1770887?
1770887
What are the prime factors of 86388?
2, 3, 23, 313
List the prime factors of 18466791.
3, 7, 879371
List the prime factors of 4249047.
3, 11, 331, 389
What are the prime factors of 2106063?
3, 234007
What are the prime factors of 9784021?
13, 37, 20341
List the prime factors of 31943879.
11, 41, 47, 137
What are the prime factors of 1688139?
3, 107, 1753
List the prime factors of 95667.
3, 11, 13, 223
What are the prime factors of 215525?
5, 37, 233
What are the prime factors of 59689?
7, 8527
List the prime factors of 29272866.
2, 3, 7, 31, 22483
List the prime factors of 529528.
2, 66191
What are the prime factors of 2879867?
461, 6247
List the prime factors of 6578700.
2, 3, 5, 21929
List the prime factors of 647610.
2, 3, 5, 21587
What are the prime factors of 11156163?
3, 467, 7963
List the prime factors of 415749.
3, 139, 997
What are the prime factors of 26652721?
193, 197, 701
List the prime factors of 173771.
13, 13367
What are the prime factors of 7619444?
2, 7, 503, 541
List the prime factors of 15046669.
11, 23, 59473
List the prime factors of 2256081.
3, 43, 17489
What are the prime factors of 407553?
3, 135851
What are the prime factors of 646187?
17, 38011
List the prime factors of 2422540.
2, 5, 59, 2053
What are the prime factors of 64712?
2, 8089
List the prime factors of 549880.
2, 5, 59, 233
List the prime factors of 96293.
96293
What are the prime factors of 331730?
2, 5, 7, 677
List the prime factors of 9963686.
2, 359, 13877
What are the prime factors of 5072414?
2, 419, 6053
List the prime factors of 1112896.
2, 17389
What are the prime factors of 255637?
255637
What are the prime factors of 221154?
2, 3, 29, 31, 41
What are the prime factors of 1168346?
2, 67, 8719
List the prime factors of 7407105.
3, 5, 493807
What are the prime factors of 602284?
2, 150571
List the prime factors of 164111.
29, 5659
What are the prime factors of 3312823?
3312823
List the prime factors of 57092.
2, 7, 2039
List the prime factors of 32924826.
2, 3, 11, 5039
What are the prime factors of 1995129?
3, 31, 7151
List the prime factors of 19933895.
5, 467, 8537
List the prime factors of 2588561.
409, 6329
List the prime factors of 11366486.
2, 53, 157, 683
What are the prime factors of 491017?
19, 43, 601
List the prime factors of 437733.
3, 17, 2861
What are the prime factors of 3031305?
3, 5, 202087
List the prime factors of 517149.
3, 37, 1553
List the prime factors of 116749.
313, 373
What are the prime factors of 4094392?
2, 577, 887
List the prime factors of 851964.
2, 3, 70997
What are the prime factors of 7139587?
7, 13, 67, 1171
What are the prime factors of 3239162?
2, 71, 22811
What are the prime factors of 256597?
11, 23327
List the prime factors of 1313866.
2, 353, 1861
List the prime factors of 2809838.
2, 1404919
List the prime factors of 1006285.
5, 7, 28751
List the prime factors of 859364.
2, 11, 19531
What are the prime factors of 577585?
5, 71, 1627
List the prime factors of 65320.
2, 5, 23, 71
List the prime factors of 367864.
2, 7, 6569
List the prime factors of 1086399.
3, 40237
What are the prime factors of 2086996?
2, 521749
List the prime factors of 1996587.
3, 163, 1361
List the prime factors of 19309601.
67, 288203
List the prime factors of 6513750.
2, 3, 5, 193
What are the prime factors of 7851748?
2, 71, 27647
What are the prime factors of 731132?
2, 47, 3889
What are the prime factors of 29297795?
5, 71, 82529
List the prime factors of 161615.
5, 32323
What are the prime factors of 245291?
245291
What are the prime factors of 281649?
3, 223, 421
What are the prime factors of 395098?
2, 11, 17959
What are the prime factors of 584207?
13, 44939
What are the prime factors of 1789595?
5, 73, 4903
List the prime factors of 145347.
3, 48449
What are the prime factors of 23051257?
1361, 16937
What are the prime factors of 15167306?
2, 7, 11, 149, 661
What are the prime factors of 21320519?
11, 71, 27299
List the prime factors of 455766.
2, 3, 37, 2053
List the prime factors of 246742.
2, 107, 1153
What are the prime factors of 1964137?
7, 280591
What are the prime factors of 4143572?
2, 1035893
What are the prime factors of 24749933?
13, 881, 2161
What are the prime factors of 284278?
2, 19, 7481
What are the prime factors of 10333101?
3, 37, 127, 733
List the prime factors of 100665.
3, 5, 2237
List the prime factors of 103131.
3, 7, 1637
What are the prime factors of 9689549?
9689549
List the prime factors of 9387.
3, 7, 149
What are the prime factors of 6612187?
6612187
What are the prime factors of 13035941?
131, 191, 521
List the prime factors of 8642172.
2, 3, 7, 11, 47, 199
List the prime factors of 1391807.
17, 19, 31, 139
What are the prime factors of 2104158?
2, 3, 7, 17, 421
What are the prime factors of 38434?
2, 11, 1747
What are the prime factors of 207188?
2, 51797
What are the prime factors of 24621222?
2, 3, 1741, 2357
List the prime factors of 54443.
54443
List the prime factors of 38118877.
617, 61781
List the prime factors of 100641.
3, 33547
List the prime factors of 622333.
622333
List the prime factors of 1267061.
17, 73, 1021
What a